 -2*p - x*d = -6*p + 26. Suppose -p*j + 590 = j. What are the prime factors of j?
2, 59
Suppose -5*w + 36663 = -29*g + 26*g, 5*w - 36633 = -2*g. What are the prime factors of w?
3, 7, 349
Let d(n) = 1580*n + 657. What are the prime factors of d(11)?
17, 1061
Suppose -j - 5*x + 25166 = -16624, 167143 = 4*j + 3*x. List the prime factors of j.
5, 61, 137
Suppose 3*y = 2*l - 30771, 1716*y - 1720*y = 28. List the prime factors of l.
3, 5, 41
Suppose -2*z = 5*c - 15, -12 = -3*z + 21*c - 18*c. Suppose -3*b + z*r = b - 1652, b - 2*r = 410. List the prime factors of b.
2, 11, 19
Suppose 2*c - 6*c - 2*i = 0, -2*c = 2*i. Let q(k) = -86*k + 19 + 61 + 10 + 83*k. What are the prime factors of q(c)?
2, 3, 5
Suppose -3*y - 2*o = 1208, 1 = -o + 3. Let h = -285 - y. Suppose h + 370 = 3*g. What are the prime factors of g?
163
Let h(a) = -1531*a**3 + 3*a**2 - 3*a - 2. What are the prime factors of h(-1)?
5, 307
Let a = 10439 + -4053. What are the prime factors of a?
2, 31, 103
Let k(d) = 84*d - 1. Suppose -34 = b - 36. Let q be (-2)/(-2) + -2 + b. List the prime factors of k(q).
83
Let s = -156 - -159. Suppose 2*v + 41 = -3*o + 1071, 0 = -v + s*o + 515. List the prime factors of v.
5, 103
Let v(q) = q**3 - 7*q**2 - 3*q + 13. Let j = -55 + 62. Let f be v(j). Let p = 24 + f. List the prime factors of p.
2
Let d(g) = g**2 - 45. Let u = 3 - 26. List the prime factors of d(u).
2, 11
Suppose 5*r = 2*r, -4*w + r + 10512 = 0. Suppose w = -10*q + 16*q. List the prime factors of q.
2, 3, 73
Let d(j) = -16 + 0*j + 5*j**2 + 28 - 16 + j. Suppose 4*g + 7*g + 33 = 0. What are the prime factors of d(g)?
2, 19
Let k = 2987 - 1963. Let c = 1719 - k. List the prime factors of c.
5, 139
Let l = 4667 + -97. What are the prime factors of l?
2, 5, 457
Suppose -1176*x = -1181*x + 31845. List the prime factors of x.
3, 11, 193
Suppose 4*x + 16 = m, 0 = 48*m - 47*m + 3*x + 5. Suppose -2*t + 1374 = -4*k + k, 4*t - m*k - 2748 = 0. What are the prime factors of t?
3, 229
Let y be 10 + (-328)/32 - 66/(-8). Let h be -1 - -1*(0 - 1). What are the prime factors of 14*-22*(h/1)/y?
7, 11
List the prime factors of 24 + -13 - (4 + -12539).
2, 3, 17, 41
Let u(p) = 2*p**2 + 1 + 2*p + 4 + 14*p**2. Let l be -26 - -24 - ((-2)/(-2) - 6). What are the prime factors of u(l)?
5, 31
Suppose 145*v - 38608 = 143*v. Suppose -29*h + v = -11262. List the prime factors of h.
2, 17, 31
Let l(t) = 5*t**2 + t + 6. Let m be l(-3). Suppose 126 = 6*p - m. Suppose y = 116 + p. What are the prime factors of y?
5, 29
Let i(k) = -3*k**2 - 9 - k + 12*k - 6*k + 6*k**2 + 46*k**3 + 3. List the prime factors of i(3).
2, 3, 71
Suppose -13*d + 0*d + 4615 = 0. Let w = d + -10. Suppose x = 3*x - a - w, -5*a = -15. List the prime factors of x.
2, 3, 29
Let d be 4/(-20) + (-12)/(-60). What are the prime factors of (-4)/(-4) + (-1 + d - -270)?
2, 3, 5
Suppose 0 = b - 4*i + 45, -2*b - 2*b + 3*i = 206. Suppose 63 - 151 = -c. Let a = c + b. What are the prime factors of a?
5, 7
Let j be (6/(-9))/(12/(-90162)). Suppose -9*l = -j + 248. List the prime factors of l.
23
Let a be -4*(-78)/(-4)*1. Let l = 410 + -556. Let n = a - l. List the prime factors of n.
2, 17
Suppose 33*w + 14143440 = 405*w. What are the prime factors of w?
2, 5, 1901
Suppose 45*m = 35*m. Suppose 0 = -m*c - 21*c + 17409. What are the prime factors of c?
829
What are the prime factors of ((-15)/((-105)/2653))/1?
379
Suppose 0 = 5*w + u + u + 43, 5*u = -2*w - 13. Let r(y) = 9*y. Let n(k) = 2*k**2 + 25*k - 11. Let s(z) = n(z) - 2*r(z). List the prime factors of s(w).
2, 11
Let l(h) = 34*h - 17 - 24 + 78*h - 81 - 22. List the prime factors of l(8).
2, 47
Let m be 93/(5*(-12)/(-680)) - -3. Suppose 3*i + m = 10*i. What are the prime factors of i?
151
Let u be (-17)/3 + 130/78. List the prime factors of (19/(-3))/(u/12).
19
Let v = -93 + 97. Suppose 0 = -0*y - 4*y - 4*h + 1372, 0 = 2*y + v*h - 676. What are the prime factors of y?
2, 3, 29
Let f = -3425 + 11850. List the prime factors of f.
5, 337
Let x(z) = 42*z + 1382. What are the prime factors of x(65)?
2, 257
Let h be 3/((-30)/4) - 924/(-10). Suppose 0 = -9*n - h - 16. What are the prime factors of ((-30)/n + -3)/(3/(-942))?
157
Let i(g) = -250*g**3 + 3*g**2 + 2*g. Let j be 15/(-10) + 2/8*2. Let y be i(j). Suppose -2 + y = 3*k. What are the prime factors of k?
83
Let k be ((-43)/86 + (-34)/(-8))*-16. Let s = k + 1907. What are the prime factors of s?
1847
Let i = -24 - -38. Suppose -y + i = y. Suppose 145 = y*p - 2*p. What are the prime factors of p?
29
Let w be (0 - 1)*(35/(-5) + 8). Let x(v) = -7*v**2 - 24*v - 15. Let d(i) = -i**2 - i - 1. Let k(c) = w*x(c) + 5*d(c). List the prime factors of k(-14).
2, 17
Let b = -35151 - -54679. List the prime factors of b.
2, 2441
Let q(u) = 712*u**2 - 109*u + 11. List the prime factors of q(6).
24989
Suppose 0 = 20*q - 117619 - 162281. What are the prime factors of q?
3, 5, 311
What are the prime factors of 1/8*16*(-3 + 6 + 30757)?
2, 5, 769
Let x = -59265 - -84587. What are the prime factors of x?
2, 11, 1151
Let x(i) = i**3 + 19*i**2 - 22*i - 35. Let y be x(-20). Suppose -2*m + 644 = 3*s, 3*s + y*m = -2*s + 1080. What are the prime factors of s?
2, 53
Let x(t) = t**2 - 97*t - 86. What are the prime factors of x(-67)?
2, 3, 23, 79
Suppose 4*d + 6*b - 47822 = 0, -28624 - 31150 = -5*d - 4*b. List the prime factors of d.
2, 43, 139
Let x(b) = -2*b + 39. Let w be x(15). Suppose -1 = z, w*v - 13*v - 2*z + 3938 = 0. List the prime factors of v.
5, 197
Let t be (-4)/(8*9/(-54)). What are the prime factors of ((-4965)/25)/(t/(-60)*4)?
3, 331
Let x(s) = s**3 + 13*s**2 + 12*s - 28. Let c be x(6). What are the prime factors of c/3 - (-1 - (-10)/6)?
2, 11
Let j = 55884 - 31266. List the prime factors of j.
2, 3, 11, 373
List the prime factors of ((-114)/(-4))/((-721455)/(-37968) + -19).
2, 19, 113
Let t(y) = y**3 - 2*y**2 - 15*y + 20. Let l be t(5). Suppose -31*k = -l*k - 9097. What are the prime factors of k?
827
Suppose -q = 3*q + 8, -3*p + 17 = -4*q. Let m(h) be the third derivative of 17*h**4/24 + 4*h**3/3 - 4*h**2 + 10*h. What are the prime factors of m(p)?
59
Let y(l) = 176*l**3 - 6*l**2 - 170*l + 719. List the prime factors of y(4).
7, 1601
Suppose -3*x + 12 = -5*x - 5*i, 4*i = -16. Suppose 8*z - 3*z + x*d = 928, -3*z - 4*d + 560 = 0. List the prime factors of z.
2, 23
Suppose 42*w - 57478 = 60962. List the prime factors of w.
2, 3, 5, 47
Let k = -29703 - -41220. List the prime factors of k.
3, 11, 349
Let k = -15 + 55. Suppose -5*a = -k*a + 59395. What are the prime factors of a?
1697
Let l(b) = 277*b**2 + 154*b + 120. List the prime factors of l(11).
3, 11777
Let k(o) = -43876*o - 285. List the prime factors of k(-2).
47, 1861
Let o = 233 + -230. Let h = 107 + o. List the prime factors of h.
2, 5, 11
Suppose 0 = -14*g - 11*g + 15300. Let o = g + -305. List the prime factors of o.
307
Suppose 5*s - c = -8, -3*s - 10 + 1 = -2*c. Let b be ((-6)/(-10) + s)*(-4 - -19). List the prime factors of (-1)/((-212)/70 + (-18)/b).
5, 7
Let u(a) = a**3 - a**2 - 12*a - 10. Let p be u(-1). Let d be 2*7/2 + 0. Suppose p = -d*k - 314 + 1756. What are the prime factors of k?
2, 103
Let n = -697 - -1350. Let c = n - 348. What are the prime factors of c?
5, 61
Let y(i) = 234*i**2 + 30*i + 67. What are the prime factors of y(-6)?
8311
Let w(o) = o**3 - 12*o**2 + o - 10. Let p be w(12). Suppose -112*i + 116*i + 4*u = 468, p*u = i - 108. What are the prime factors of i?
2, 3, 19
Let y be (-3)/2 - (-6)/(-8)*-18. List the prime factors of (-40)/y*3720/(-25).
2, 31
Suppose -16 = -4*v, 2*a - 4*v + 7171 = 7*a. List the prime factors of a.
3, 53
Let a = -22 + 27. Let v = 74 + a. List the prime factors of v.
79
Suppose 318 = 10*d - 492. Suppose 2981 = 25*y + d. List the prime factors of y.
2, 29
Let b(w) = 50*w - 156. Let d be b(21). Let k = d + 270. List the prime factors of k.
2, 3, 97
Let i = 11527 - -4614. List the prime factors of i.
16141
Suppose 2*h - 2*o - 29340 = 2*o, -29341 = -2*h + 3*o. What are the prime factors of h?
2, 7, 131
Let u(g) = 13758*g**3 - 2*g**2 - 9*g + 11. What are the prime factors of u(1)?
2, 3, 2293
Suppose -2 = -3*m + 4, -4*k + 5*m = -6. Suppose 5*a + 384 = -4*p + a, k*a = -2*p - 182. Let g = -54 - p. What are the prime factors of g?
47
Suppose 4*r = 3*s + 569, r + 784 = -6*s + 2*s. 